Calculate the greatest common divisor of x and 26.
26
Let j(u) be the first derivative of -u**2/2 + 25*u + 1. Let g be j(11). What is the highest common divisor of 21 and g?
7
Let j = -6 - -38. Let r = 46 - j. Let g = r - 5. Calculate the greatest common divisor of g and 45.
9
Let h(r) = 3*r**2 - r - 3. Let k be h(2). What is the greatest common divisor of k and 35?
7
Suppose 3*f + g - 289 = 0, -2*g + 33 = -4*f + 435. What is the greatest common factor of f and 14?
14
Let l(a) = -4*a + 5. Let r(c) = 15*c - 19. Let w(n) = -22*l(n) - 6*r(n). Let k be w(-3). Let h = -133 + 183. Calculate the greatest common divisor of h and k.
10
Suppose -5*t + 4*t = -56. Suppose -w - 2*n + 12 = 0, 0*w - 3*w - 2*n + 28 = 0. What is the highest common factor of t and w?
8
Let q be 16 + 1 - -1*(1 + -3). Calculate the highest common factor of q and 20.
5
Suppose 20*r - 2430 = 14*r. Let t be 2/(-7) + (-4)/(-14). Suppose 0*p - 5*p + r = t. What is the greatest common factor of 9 and p?
9
Let v(g) = g**2 - 14*g + 26. Let r be v(12). What is the greatest common factor of 5 and r?
1
Let z be -3*(8/(-3) + 1). Let f(q) = -q**3 + q**2 + q + 45. Let b be f(0). Calculate the highest common divisor of z and b.
5
Suppose 3*p + 3*l = 102, 2*p - 4*l - 63 = -1. Let s(z) = -z**2 + 7*z - 3. Let c be s(6). Calculate the greatest common factor of p and c.
3
Let p = 1 - 3. Let n be (p/6)/(4/(-156)). Calculate the greatest common divisor of n and 104.
13
Let r = 10 + -8. Suppose y + 2 = -5*t + 21, 2*y + 3*t = 17. Let z be (-14)/(-8) + 1/y. What is the highest common divisor of z and r?
2
Suppose -5*t + 252 = -2*t. Let y be (-4)/(-10) - t/(-15). Suppose -n = -y*n + 280. Calculate the greatest common factor of 14 and n.
14
Suppose 0*z - 74 = -2*o + 3*z, 5*o - z = 198. Calculate the highest common factor of 40 and o.
40
Suppose -10*o + 9*o = -7. What is the greatest common factor of o and 35?
7
Let y(d) = -35*d - 3. Let g(s) = -69*s - 6. Let z(p) = 4*g(p) - 7*y(p). Let v be z(-3). Calculate the highest common divisor of v and 10.
10
Let y(q) = 6*q + 8. Let v be y(-6). Let w be ((-1)/4)/(1/v). Suppose -14 = -o + 14. What is the greatest common divisor of o and w?
7
Let y be (-3 + 8)*(0 + 1). Let h = y + -3. Suppose -4*w + 2 = -h. What is the highest common divisor of 1 and w?
1
Let v(s) = 3*s**2 + 2*s - 19. Let c be v(3). Calculate the greatest common divisor of 140 and c.
14
Let n = 98 - 2. What is the greatest common divisor of n and 24?
24
Let o(k) = k + 8. Let x be o(0). Suppose -2*w = -11 + 59. Let c = -16 - w. Calculate the highest common divisor of x and c.
8
Suppose 5*x = -5*n + 570, 0*x + 2*x = -n + 224. Calculate the greatest common divisor of x and 44.
22
Suppose 4*i + 141 = v, 0 = 3*v + 4*i - 174 - 297. Suppose -4*n = 31 - 99. What is the greatest common divisor of v and n?
17
Let w = -1 - -7. Let z = 8 - 2. What is the greatest common divisor of w and z?
6
Suppose -103*z = -108*z + 845. What is the highest common divisor of z and 13?
13
Let r(m) = -m + 24. Let w be r(0). Let b = -10 + 70. What is the highest common factor of w and b?
12
Let s = -1 + 1. Suppose -4*h + s = -2*z + 8, h = 5*z - 20. Suppose -307 = -5*m + 2*q, 5*m + z*q - 425 = -94. What is the highest common divisor of m and 7?
7
Let b be 1 + -4 - (2 - 5). Let o(d) = -d**2 + 28. Let k be o(b). Calculate the greatest common factor of 28 and k.
28
Suppose 0 = g + 3*s - 13, 3*g = 7*g + 2*s - 22. What is the greatest common factor of 8 and g?
4
Let y(m) be the third derivative of m**5/20 + m**4/8 + 2*m**3/3 + 7*m**2. Let l = 15 + -9. Let f be y(l). What is the greatest common divisor of f and 52?
26
Let j be 2*(8/(-28) + (-319)/(-14)). Let q be (0 - (2 + -1))*-5. What is the highest common divisor of j and q?
5
Suppose -3*w + 43 = i, -3*w + 2*i + 21 = -37. What is the highest common divisor of w and 24?
8
Suppose 0 = 2*y - 6*y + 12. Let b(x) = 19*x - y*x - x. Let s be b(2). Calculate the greatest common factor of 12 and s.
6
Let l be 1 + 1 + 1 - 2. Let o = 7 + -4. Suppose -4*u = -0*u - 2*j - 10, -4*u + o*j + 9 = 0. What is the highest common factor of u and l?
1
Suppose 4*o = 4*c + 68, c - 6 = -3. Calculate the greatest common factor of o and 20.
20
Let r = 18 + 2. Let v be 2/(24/(-15) + 2). Suppose 0 = v*k - 14 + 4. Calculate the highest common divisor of k and r.
2
Let j(g) = 5*g - 2. Let z be j(4). Let w = -59 - -257. What is the greatest common factor of z and w?
18
Let l be 1/2*1*-12. Let c be ((-16)/l - 0)*-3. Let n = c - -12. What is the highest common factor of 12 and n?
4
Suppose -2*v - 18 = -0*v. Let r be ((-6)/5)/(v/30). Suppose 14 = 5*l + r. Calculate the greatest common divisor of 6 and l.
2
Let a = 6605 + -1831. Let t be a/99 - 2/9. Let v = 35 + -23. What is the greatest common divisor of v and t?
12
Let m(f) = -10*f + 9. Let c be m(-3). Suppose 3*g + 12 = c. What is the greatest common factor of 54 and g?
9
Suppose 4*l - 8 = 0, 4*l + 0*l = 2*p - 64. Let q = -52 - -142. What is the greatest common factor of q and p?
18
Let w be 10/((-3)/(9/(-6))). Let y = w - 1. Suppose -4*n - y*s = 8, -5*n + 2*s + 40 = -3*s. Calculate the highest common divisor of n and 9.
3
Suppose -8*o + 105 + 63 = 0. What is the greatest common factor of 3 and o?
3
Let j(q) = -52*q**3 + q**2. Let p be j(-1). Let l be p/4 - (-1)/(-4). Suppose -10 = 5*o, -5*o + o - 164 = -4*b. What is the greatest common divisor of l and b?
13
Suppose -3*i - b + 200 = 0, -i + 4*i - 208 = -5*b. Calculate the greatest common factor of i and 6.
6
Suppose 0*f = -f + 1. Let b(d) = d**3 - 8*d**2 + 8*d - 5. Let h be b(7). Suppose h*s - 4 = -0. Calculate the highest common factor of s and f.
1
Suppose 2*j = -2*j + 12. Let a = j - 1. Suppose -4*f - 16 = l - 101, a*f = l - 85. Calculate the greatest common divisor of 17 and l.
17
Let h = -12 - -35. What is the greatest common divisor of 161 and h?
23
Let h = -11 + 16. Let x be (2/(-1) - -3)*2. Suppose -t - x*g + 100 = 3*t, 0 = 2*g. Calculate the greatest common divisor of t and h.
5
Suppose -74*c - 55 = -79*c. Calculate the greatest common factor of 99 and c.
11
Let l(u) = 12*u**2 + 3*u + 3. Let r be l(-1). What is the highest common divisor of r and 12?
12
Suppose -2*r = -34 - 2. Let q = r - -21. What is the highest common factor of q and 13?
13
Suppose 8*v = 3*v + 25. Suppose -5*n = -3*y + v*y - 244, -y - 3 = 0. What is the highest common factor of 5 and n?
5
Let w(v) = 179*v + 1. Let m be w(1). What is the highest common divisor of m and 20?
20
Let g be 6/21 - (-1 + 356/(-28)). Calculate the greatest common divisor of g and 6.
2
Let y be (-24)/30*(-70)/4. Let v = y + -7. Calculate the greatest common divisor of 28 and v.
7
Let s(v) = 4*v - 3. Let j be s(7). What is the highest common divisor of 25 and j?
25
Let h = -32 - 14. Suppose -10*f + 6*f - 616 = 0. Let y = h - f. What is the greatest common factor of y and 12?
12
Suppose -4*i + 8*u - 3*u = -140, -i - 2*u + 48 = 0. What is the greatest common factor of 10 and i?
10
Suppose -15 = -4*t - 7. Calculate the greatest common factor of 5 and t.
1
Suppose 4*q = -4*j + 556, -j + 3*q - 2*q = -131. Calculate the highest common divisor of 15 and j.
15
Suppose -8 = -2*g + 2. What is the greatest common factor of 5 and g?
5
Let r = -453 - -688. Calculate the greatest common divisor of 47 and r.
47
Suppose -d - 5*x + 15 = 0, 15 = -d + x + 4*x. Let l be 220/18 - (-2)/(-9). Let r = l + d. What is the greatest common factor of 6 and r?
6
Suppose 3*s = 3 + 12. Let i = 0 + 1. Calculate the greatest common divisor of i and s.
1
Let m be (84/8)/((-2)/4)*-1. What is the highest common factor of 42 and m?
21
Let q(f) = -f**3 - 4*f**2 - 2*f + 3. Let h be q(-3). Suppose -2*m = -3*r - 29, -4 + h = 3*m + 5*r. Calculate the greatest common factor of 63 and m.
7
Suppose 2 = o - 3. Suppose 0 = -d - 4*d + o. Let z = d - -2. What is the highest common divisor of 33 and z?
3
Let z(l) = -5 + 6 + 26*l**2 + 0. Let c be z(-2). Calculate the greatest common factor of 15 and c.
15
Let l = -1 + 9. Suppose 0 = -5*n + 2*p + 20, 3*n = 3*p - p + l. Calculate the greatest common factor of 66 and n.
6
Let n = 13 - 9. Suppose -n*v = -v + 18. Let d = 10 + v. What is the greatest common factor of d and 36?
4
Suppose 8*l + 1080 = 13*l. What is the greatest common divisor of 24 and l?
24
Let l be 61 + 